is the highest common divisor of 779364 and 72?
36
What is the greatest common divisor of 99720 and 90?
90
Calculate the greatest common divisor of 18528 and 72.
24
Calculate the greatest common divisor of 601024 and 64.
64
Calculate the highest common divisor of 160 and 44735.
5
What is the highest common divisor of 2463215 and 255?
85
Calculate the highest common divisor of 26566 and 33746.
718
Calculate the highest common factor of 379 and 3739.
1
What is the highest common factor of 52 and 2550301?
13
Calculate the greatest common divisor of 57 and 21926.
19
Calculate the greatest common factor of 1953 and 220782.
93
Calculate the greatest common divisor of 1353105 and 2570.
1285
Calculate the greatest common factor of 342 and 763515.
171
Calculate the highest common divisor of 11881 and 327.
109
What is the greatest common divisor of 89415 and 45?
45
Calculate the greatest common divisor of 10148 and 946.
86
What is the greatest common divisor of 18528 and 24897?
579
Calculate the greatest common divisor of 24080 and 9560.
40
What is the greatest common factor of 26 and 62114?
26
Calculate the greatest common divisor of 19305 and 108.
27
Calculate the greatest common divisor of 377 and 7579.
13
What is the highest common factor of 375655 and 15?
5
Calculate the highest common factor of 630 and 4869.
9
What is the greatest common divisor of 236451 and 293?
293
Calculate the greatest common factor of 710 and 66527.
71
What is the greatest common divisor of 102238 and 100589?
1649
Calculate the greatest common divisor of 6090 and 320.
10
Calculate the highest common divisor of 10887 and 764.
191
Calculate the greatest common factor of 3092 and 353261.
773
Calculate the highest common divisor of 375 and 1299435.
15
What is the highest common factor of 281401 and 357?
17
What is the highest common factor of 165 and 2130?
15
What is the highest common divisor of 482771 and 19?
19
What is the greatest common divisor of 244254 and 6?
6
What is the highest common factor of 565830 and 30?
30
What is the greatest common factor of 1113 and 77?
7
What is the highest common factor of 181 and 826627?
181
Calculate the highest common divisor of 236 and 367393.
59
What is the greatest common factor of 828 and 46989?
207
Calculate the highest common divisor of 7156054 and 386.
386
What is the greatest common divisor of 6559 and 35?
7
Calculate the greatest common divisor of 6 and 89229.
3
Calculate the greatest common factor of 580528 and 624.
208
What is the highest common divisor of 25671688 and 8?
8
What is the greatest common divisor of 21 and 68873?
7
What is the highest common factor of 1970 and 470?
10
What is the highest common factor of 1746 and 1030?
2
Calculate the greatest common factor of 398652 and 48.
12
What is the greatest common divisor of 5610 and 19250?
110
Calculate the greatest common factor of 130 and 7384.
26
What is the greatest common factor of 54261 and 9?
9
What is the highest common divisor of 8764 and 28?
28
What is the highest common divisor of 7532 and 197984?
1076
What is the highest common factor of 32 and 117832?
8
What is the highest common divisor of 74772 and 144?
36
Calculate the greatest common factor of 38 and 3058525.
19
Calculate the highest common divisor of 24813 and 2943.
27
Calculate the greatest common factor of 120 and 4968.
24
What is the highest common divisor of 293297 and 241?
241
Calculate the greatest common divisor of 1128127 and 22.
11
Calculate the greatest common divisor of 74 and 92389.
37
Calculate the greatest common factor of 62486 and 628.
314
Calculate the greatest common divisor of 3454 and 34188.
22
What is the highest common factor of 1480 and 1280?
40
What is the highest common factor of 19778 and 12122?
638
Calculate the highest common factor of 3196 and 611.
47
Calculate the highest common divisor of 213339 and 42.
21
What is the highest common divisor of 242805 and 105?
15
What is the highest common factor of 95127 and 185?
37
Calculate the highest common factor of 273 and 97818.
21
What is the greatest common factor of 88 and 482?
2
Calculate the greatest common divisor of 42880 and 1280.
640
Calculate the highest common divisor of 12360 and 2904.
24
What is the greatest common factor of 8 and 50584?
8
Calculate the greatest common factor of 409395 and 1617.
147
Calculate the greatest common factor of 871 and 134.
67
Calculate the highest common divisor of 8954 and 26566.
74
Calculate the highest common factor of 2468 and 8.
4
Calculate the greatest common divisor of 46528 and 184.
8
What is the highest common factor of 2381561 and 728?
91
Calculate the greatest common divisor of 2119 and 221.
13
Calculate the highest common divisor of 63783 and 3730.
373
What is the greatest common divisor of 266 and 89642?
266
What is the greatest common factor of 735 and 2632035?
735
What is the greatest common divisor of 245 and 344715?
245
Calculate the greatest common divisor of 66 and 124960.
22
What is the greatest common factor of 1440988 and 68?
68
What is the greatest common divisor of 2508 and 44688?
228
Calculate the highest common divisor of 147477 and 1308.
327
What is the highest common divisor of 5759 and 1794?
13
Calculate the highest common factor of 552 and 17.
1
What is the highest common factor of 80 and 1310?
10
What is the greatest common divisor of 15595096 and 88?
88
What is the greatest common factor of 2167 and 34081?
197
What is the greatest common divisor of 4760 and 105?
35
Calculate the greatest common divisor of 4272 and 144.
48
Calculate the highest common divisor of 28730 and 5440.
170
Calculate the highest common factor of 688 and 8213.
43
What is the highest common factor of 925 and 2257?
37
What is the highest common factor of 1705 and 102641?
341
What is the highest common factor of 483 and 76860?
21
Calculate the greatest common factor of 10885 and 175.
35
What is the highest common divisor of 1717 and 113524?
101
What is the highest common divisor of 12444 and 2745?
183
What is the greatest common divisor of 2 and 305?
1
What is the greatest common factor of 1228 and 4023542?
614
What is the highest common divisor of 81 and 29241?
81
What is the highest common factor of 2795 and 83395?
65
Calculate the highest common factor of 18 and 608.
2
Calculate the highest common factor of 10604 and 3212.
44
What is the highest common divisor of 385 and 16135?
35
What is the greatest common factor of 37349 and 39?
13
Calculate the greatest common divisor of 12990 and 570.
30
What is the highest common divisor of 21867 and 296?
37
What is the highest common factor of 840 and 65895?
15
What is the greatest common divisor of 243 and 48?
3
Calculate the highest common divisor of 7370734 and 14.
14
Calculate the highest common factor of 210160 and 640.
80
What is the highest common divisor of 293320 and 320?
40
What is the highest common divisor of 1313051 and 73?
73
Calculate the highest common factor of 46668 and 24.
12
Calculate the greatest common divisor of 902 and 214717.
41
What is the greatest common divisor of 24541 and 414?
23
What is the highest common factor of 48 and 89370?
6
What is the greatest common factor of 26086 and 25?
1
What is the highest common divisor of 113672 and 702?
26
Calculate the highest common divisor of 545706 and 1917.
639
What is the greatest common divisor of 172 and 15238684?
172
Calculate the greatest common factor of 1140 and 18480.
60
What is the greatest common divisor of 6132 and 728?
28
What is the greatest common factor of 132068 and 75624?
548
What is the highest common factor of 4 and 13950?
2
What is the highest common divisor of 3692 and 26156?
52
What is the greatest common factor of 33960 and 840?
120
What is the greatest common divisor of 1206 and 10377?
9
What is the highest common divisor of 296 and 333592?
296
Calculate the highest common divisor of 102 and 95506.
34
Calculate the greatest common divisor of 318 and 1506.
6
Calculate the greatest common divisor of 11514 and 342.
114
What is the greatest common factor of 569072 and 256?
16
Calculate the greatest common factor of 4484 and 49248.
76
Calculate the highest common divisor of 1629 and 804545.
181
Calculate the highest common factor of 1350 and 11625.
75
What 